 the prime factors of 195210.
2, 3, 5, 241
What are the prime factors of 886294?
2, 443147
List the prime factors of 300021.
3, 97, 1031
What are the prime factors of 13031810?
2, 5, 11, 118471
List the prime factors of 201326.
2, 43, 2341
List the prime factors of 733952.
2, 47, 61
List the prime factors of 35600.
2, 5, 89
List the prime factors of 294002.
2, 29, 37, 137
What are the prime factors of 30909846?
2, 3, 11, 19, 157
What are the prime factors of 35638?
2, 103, 173
List the prime factors of 563380.
2, 5, 17, 1657
What are the prime factors of 16247829?
3, 13, 73, 439
List the prime factors of 269665.
5, 11, 4903
What are the prime factors of 296492?
2, 7, 10589
List the prime factors of 3693583.
83, 44501
List the prime factors of 1947890.
2, 5, 7, 27827
What are the prime factors of 455460?
2, 3, 5, 7591
List the prime factors of 4161494.
2, 19, 97, 1129
What are the prime factors of 12607224?
2, 3, 7, 101, 743
What are the prime factors of 426885?
3, 5, 149, 191
What are the prime factors of 279131?
279131
What are the prime factors of 552684?
2, 3, 11, 53, 79
List the prime factors of 20016839.
20016839
List the prime factors of 438736.
2, 17, 1613
What are the prime factors of 6425203?
307, 20929
List the prime factors of 37244575.
5, 1489783
What are the prime factors of 346746?
2, 3, 57791
List the prime factors of 233099.
257, 907
List the prime factors of 462961.
17, 113, 241
What are the prime factors of 2806788?
2, 3, 151, 1549
What are the prime factors of 2306521?
7, 329503
What are the prime factors of 283780?
2, 5, 7, 2027
List the prime factors of 120692.
2, 11, 13, 211
List the prime factors of 3091878.
2, 3, 31, 1847
List the prime factors of 452945.
5, 157, 577
List the prime factors of 710.
2, 5, 71
What are the prime factors of 13078367?
3259, 4013
List the prime factors of 4537800.
2, 3, 5, 2521
List the prime factors of 4782081.
3, 1594027
List the prime factors of 1070397.
3, 23, 5171
What are the prime factors of 4197550?
2, 5, 7, 67, 179
What are the prime factors of 134758?
2, 13, 71, 73
What are the prime factors of 10559794?
2, 7, 277, 389
What are the prime factors of 1554797?
1554797
List the prime factors of 3207467.
193, 16619
What are the prime factors of 58195?
5, 103, 113
List the prime factors of 21933.
3, 2437
List the prime factors of 1528573.
53, 151, 191
List the prime factors of 2044914.
2, 3, 340819
What are the prime factors of 223038?
2, 3, 12391
List the prime factors of 102088.
2, 7, 1823
What are the prime factors of 218389?
218389
What are the prime factors of 2048575?
5, 81943
List the prime factors of 27016836.
2, 3, 7, 11, 4177
What are the prime factors of 17727406?
2, 8863703
List the prime factors of 1625774.
2, 227, 3581
List the prime factors of 32069.
32069
What are the prime factors of 2383473?
3, 794491
What are the prime factors of 494744?
2, 61843
What are the prime factors of 421560?
2, 3, 5, 1171
List the prime factors of 710986.
2, 433, 821
List the prime factors of 754581.
3, 251527
List the prime factors of 4928067.
3, 37, 4933
What are the prime factors of 3110366?
2, 7, 29, 47, 163
List the prime factors of 10793257.
263, 41039
List the prime factors of 8851172.
2, 11, 201163
List the prime factors of 2530985.
5, 37, 13681
List the prime factors of 262707.
3, 67, 1307
List the prime factors of 515914.
2, 7, 43, 857
What are the prime factors of 349358?
2, 174679
List the prime factors of 3091766.
2, 71, 21773
What are the prime factors of 171960?
2, 3, 5, 1433
List the prime factors of 34667.
34667
What are the prime factors of 2713354?
2, 7, 193811
List the prime factors of 2916178.
2, 107, 13627
What are the prime factors of 514039?
47, 10937
List the prime factors of 13502499.
3, 1559, 2887
What are the prime factors of 219369?
3, 83, 881
List the prime factors of 862226.
2, 59, 7307
What are the prime factors of 164226?
2, 3, 101, 271
List the prime factors of 202641.
3, 67547
List the prime factors of 167424.
2, 3, 109
What are the prime factors of 223699?
7, 31957
List the prime factors of 24894103.
13, 17, 112643
What are the prime factors of 5696780?
2, 5, 284839
List the prime factors of 15694784.
2, 7, 53, 661
List the prime factors of 894960.
2, 3, 5, 11, 113
What are the prime factors of 192728?
2, 24091
List the prime factors of 1929799.
179, 10781
What are the prime factors of 3468400?
2, 5, 13, 23, 29
What are the prime factors of 230968?
2, 28871
List the prime factors of 226553.
226553
List the prime factors of 10898267.
19, 31, 18503
List the prime factors of 1123311.
3, 7, 149, 359
What are the prime factors of 23730?
2, 3, 5, 7, 113
List the prime factors of 3265983.
3, 7, 47, 1103
List the prime factors of 737986.
2, 31, 11903
List the prime factors of 446661.
3, 71, 233
What are the prime factors of 1471366?
2, 13, 56591
List the prime factors of 288597.
3, 96199
What are the prime factors of 2931075?
3, 5, 7, 1861
What are the prime factors of 4037735?
5, 13, 62119
List the prime factors of 698614.
2, 7, 139, 359
What are the prime factors of 7044149?
7, 1006307
List the prime factors of 4154145.
3, 5, 23, 12041
List the prime factors of 8580445.
5, 1716089
What are the prime factors of 343987?
7, 157, 313
What are the prime factors of 797866?
2, 398933
List the prime factors of 33013.
33013
What are the prime factors of 210230?
2, 5, 21023
List the prime factors of 3591324.
2, 3, 11, 3023
What are the prime factors of 2810709?
3, 11, 29, 89
List the prime factors of 649465.
5, 129893
What are the prime factors of 6122639?
109, 56171
What are the prime factors of 250489?
250489
List the prime factors of 11802675.
3, 5, 17, 9257
What are the prime factors of 138120?
2, 3, 5, 1151
List the prime factors of 1732845.
3, 5, 115523
List the prime factors of 2256924.
2, 3, 31, 6067
List the prime factors of 261293.
41, 6373
What are the prime factors of 944603?
11, 79, 1087
List the prime factors of 8161760.
2, 5, 29, 1759
List the prime factors of 2094544.
2, 109, 1201
What are the prime factors of 2797154?
2, 1398577
What are the prime factors of 531296?
2, 16603
List the prime factors of 103010.
2, 5, 10301
List the prime factors of 34233.
3, 11411
List the prime factors of 2147406.
2, 3, 17, 37, 569
What are the prime factors of 919964?
2, 349, 659
What are the prime factors of 14974511?
137, 109303
List the prime factors of 581684.
2, 31, 4691
What are the prime factors of 224701?
37, 6073
List the prime factors of 16671267.
3, 1852363
What are the prime factors of 1316950?
2, 5, 26339
List the prime factors of 1780969.
1780969
List the prime factors of 247424.
2, 1933
What are the prime factors of 215085?
3, 5, 13, 1103
List the prime factors of 216606.
2, 3, 13, 2777
List the prime factors of 5469796.
2, 19, 71971
What are the prime factors of 1067214?
2, 3, 83, 2143
What are the prime factors of 625896?
2, 3, 8693
What are the prime factors of 195138?
2, 3, 37, 293
List the prime factors of 728810.
2, 5, 31, 2351
What are the prime factors of 474387?
3, 158129
What are the prime factors of 10355635?
5, 17, 23, 5297
List the prime factors of 8647526.
2, 17, 107, 2377
List the prime factors of 2721225.
3, 5, 13, 2791
List the prime factors of 1231730.
2, 5, 37, 3329
List the prime factors of 1439511.
3, 43, 11159
List the prime factors of 335667.
3, 41, 2729
What are the prime factors of 2493068?
2, 47, 89, 149
What are the prime factors of 90188?
2, 7, 3221
List the prime factors of 556962.
2, 3, 7, 89, 149
List the prime factors of 251946.
2, 3, 13997
What are the prime factors of 2700568?
2, 13, 23, 1129
What are the prime factors of 61403?
61403
What are the prime factors of 1664516?
2, 7, 59447
List the prime factors of 3784736.
2, 118273
List the prime factors of 5811152.
2, 251, 1447
List the prime factors of 2257317.
3, 250813
What are the prime factors of 91032?
2, 3, 3793
List the prime factors of 14245.
5, 7, 11, 37
What are the prime factors of 13068657?
3, 7, 283, 733
List the prime factors of 3248199.
3, 107, 3373
List the prime factors of 5741856.
2, 3, 19937
What are the prime factors of 2358681?
3, 13, 197, 307
List the prime factors of 76311.
3, 61, 139
What are the prime factors of 4251580?
2, 5, 212579
List the prime f